e j(32).
-4
Let r(c) = 122805*c - 32052101. What is r(261)?
4
Let x(b) = -b**3 + 397*b**2 - 3839*b - 11980. Determine x(387).
17
Let t(s) = -3*s**2 - 388*s - 1460. Give t(-122).
1224
Let x(d) = -1397*d + 526690. Give x(377).
21
Let n(h) = 3*h**3 + 62*h**2 + 487*h + 1423. What is n(-7)?
23
Let t(x) = 22*x**3 + 25*x**2 - 36*x - 107. Determine t(-4).
-971
Let d(a) = -40761*a + 3872308. Determine d(95).
13
Let c(t) = 5*t**3 + 189*t**2 + 970*t + 112. Determine c(-6).
16
Let h(j) = -j**3 - 4*j**2 + 51*j + 135. Calculate h(-6).
-99
Let n(i) = -23*i**2 + 5407*i - 16445. Determine n(232).
27
Let x(j) = 2*j**3 - 41*j**2 - 3*j - 137. What is x(19)?
-1277
Let r(m) = -2*m**3 + 828*m**2 - 839*m + 5415. Give r(413).
46
Let u(a) = 3*a**2 - 4110*a - 12338. Calculate u(-3).
19
Let y(j) = 78*j**2 - 50*j - 38. Give y(0).
-38
Let r(n) = -n**2 - 129*n + 20967. Determine r(94).
5
Let v(a) = 396*a + 3900. Calculate v(-11).
-456
Let z(b) = 729*b - 217. What is z(0)?
-217
Let o(h) = h**3 + 61*h**2 + 882*h + 342. Calculate o(-38).
38
Let w(j) = j**3 + 435*j**2 - 13474*j + 529. Give w(29).
7
Let j(f) = -1080797*f + 16211951. Calculate j(15).
-4
Let a(s) = 2*s**3 - 16*s**2 + 292*s + 618. What is a(-2)?
-46
Let m(s) = 3*s**2 - 83*s - 1855. Determine m(-20).
1005
Let s(y) = -2*y**3 + 204*y**2 + 131*y + 7796. Determine s(103).
71
Let x(a) = -18*a**3 + 41*a**2 + 225*a - 279. Determine x(-6).
3735
Let t(z) = -14*z**3 - 167*z**2 + 8*z - 92. What is t(-12)?
-44
Let s(z) = -z**2 - 51824*z + 507. What is s(0)?
507
Let k(n) = -6823*n - 136518. Give k(-20).
-58
Let k(p) = 215*p + 35268. What is k(-162)?
438
Let l(a) = -a**3 - 132*a**2 - 727*a - 78078. Give l(-131).
-2
Let h(o) = 1180*o**3 - 5900*o**2 - 6*o - 5. What is h(5)?
-35
Let f(y) = -885*y + 11486. Calculate f(13).
-19
Let t(w) = -520*w + 6961. Calculate t(14).
-319
Let r(a) = -27*a**3 - 183*a**2 - 42*a - 594. What is r(-7)?
-6
Let p(i) = i**2 - 14575*i - 291789. What is p(-20)?
111
Let t(w) = -2358*w - 11843. What is t(-5)?
-53
Let j(v) = 203*v**2 + 1644*v - 8. Determine j(-8).
-168
Let k(m) = -2*m**2 - 6417*m + 181286. Calculate k(28).
42
Let g(x) = x**3 - 210*x**2 - 632*x - 1637. Determine g(213).
-146
Let p(q) = q**3 - 73*q**2 + 2*q - 64. Calculate p(0).
-64
Let u(l) = l**3 + 398*l**2 - 11932*l + 85. Give u(28).
-27
Let d(a) = 6*a**2 - 924*a + 21149. Determine d(126).
-19
Let j(z) = z**2 + 16977*z + 101837. Determine j(-6).
11
Let o(j) = 571*j - 530. Determine o(1).
41
Let h(j) = -30*j**2 - 1596*j - 14028. Calculate h(-11).
-102
Let x(j) = -82435*j + 494604. Give x(6).
-6
Let r(d) = 41*d**2 + 230*d + 22. Determine r(-5).
-103
Let a(v) = 6*v**3 + 52*v**2 + 190*v + 1805. Calculate a(-9).
-67
Let v(s) = 30172*s + 240777. Determine v(-8).
-599
Let u(f) = -f**2 + 471546*f - 1414621. What is u(3)?
8
Let w(r) = -5578*r + 2376171. Determine w(426).
-57
Let c(x) = 3*x**3 + 163*x**2 - 146*x - 1746. Determine c(-55).
234
Let q(k) = -1149*k - 6043. Determine q(-5).
-298
Let g(b) = 2*b**2 + 346*b + 14917. What is g(-83)?
-23
Let k(u) = -6*u**3 + 75*u**2 - 118*u - 4. Calculate k(11).
-213
Let l(m) = 14432*m + 620575. Calculate l(-43).
-1
Let u(g) = -5*g**3 + 1262*g**2 + 757*g + 488. Give u(253).
-18
Let m(w) = -w**3 + 64*w**2 + 15*w - 351. Calculate m(64).
609
Let j(h) = 74573*h + 2386410. Calculate j(-32).
74
Let u(k) = 4*k**3 - 19*k**2 - 323*k - 1093. What is u(-4)?
-361
Let j(y) = y**3 + 74*y**2 + 860*y - 147. Determine j(-15).
228
Let p(k) = 5*k**3 + 1049*k**2 - 301*k - 19121. Give p(-210).
-11
Let j(s) = 14*s**3 + 67*s**2 - 338*s - 6. Determine j(3).
-39
Let r(i) = -47970*i - 815546. What is r(-17)?
-56
Let i(u) = 1715*u + 5096. Determine i(-3).
-49
Let d(k) = 68*k**3 + 14*k**2 - 42*k + 82. Calculate d(2).
598
Let v(h) = -2*h**2 + 241*h - 6575. Give v(34).
-693
Let i(w) = 56*w**2 - 683*w + 127. Give i(12).
-5
Let s(a) = -2*a**3 - 36*a**2 - 25*a + 137. Calculate s(-17).
-16
Let i(m) = -m**3 + 13*m**2 + 95*m - 318. What is i(-7)?
-3
Let w(i) = -i**2 - 1542*i + 4615. Calculate w(3).
-20
Let i(w) = w**3 - 410*w**2 - 13678*w + 3005. What is i(441)?
-82
Let x(c) = c**3 + c**2 - 133*c - 583. Give x(-4).
-99
Let n(y) = 2613*y - 360595. What is n(138)?
-1
Let q(y) = -60*y**2 + 504*y + 326. Determine q(9).
2
Let h(r) = -330592*r + 34381569. Calculate h(104).
1
Let o(b) = -469*b - 4469. Give o(-6).
-1655
Let w(m) = -23277*m - 23752. Calculate w(-1).
-475
Let c(m) = -2521*m - 123521. Give c(-49).
8
Let w(u) = 2*u**2 + 85*u - 2994. Calculate w(23).
19
Let r(h) = 444*h + 108832. Calculate r(-245).
52
Let g(l) = 12597*l - 62990. Calculate g(5).
-5
Let s(b) = b**3 - 27*b**2 - 264*b - 142. Calculate s(35).
418
Let s(q) = -16*q**2 - 15499*q + 172414. Calculate s(11).
-11
Let t(l) = -6*l**2 + 3130*l - 47571. Determine t(506).
-7
Let u(i) = 48771*i + 27458070. Determine u(-563).
-3
Let s(k) = k**3 + 18*k**2 - 349*k + 10. Determine s(11).
-320
Let l(j) = -672*j - 78695. What is l(-117)?
-71
Let z(w) = -w**3 - 27*w**2 + 262*w + 2575. What is z(-33)?
463
Let l(y) = 22*y**3 + 7785*y**2 - 1018*y + 15584. Give l(-354).
8
Let i(l) = -10*l**2 - 520*l - 6781. Determine i(-25).
-31
Let h(z) = -4*z**3 - 7*z**2 + 407*z + 1240. What is h(-3)?
64
Let p(b) = -97*b**3 - 279*b**2 + 23*b - 23. What is p(-3)?
16
Let z(q) = -8747*q - 429. What is z(0)?
-429
Let n(b) = -b**3 + 4*b**2 - 3939*b + 15791. What is n(4)?
35
Let p(d) = -7*d**3 + 88*d**2 - 26*d - 123. Calculate p(12).
141
Let f(g) = -2*g**3 + 5*g**2 + 17*g - 325. Give f(7).
-647
Let f(k) = -2*k**3 - 2316*k**2 + 3385*k + 1236657. Calculate f(-1159).
4
Let i(u) = u**3 - 3*u**2 - 89411*u + 447042. What is i(5)?
37
Let h(w) = -w**3 - 553*w**2 - 1572*w + 232. Give h(-3).
-2
Let q(a) = -a**2 - 780*a - 55386. Calculate q(-701).
-7
Let t(z) = 21*z - 1894. Calculate t(16).
-1558
Let k(n) = -24484*n + 710185. Give k(29).
149
Let s(j) = j**3 + 5*j**2 - 48*j - 42. Give s(0).
-42
Let p(u) = -250*u**2 - 2642*u - 2642. Give p(-1).
-250
Let w(s) = 665*s + 377120. Give w(-567).
65
Let t(q) = 5*q**2 + 25*q - 362. Calculate t(-12).
58
Let x(u) = 1745*u**2 - 57587*u + 74. Give x(33).
8
Let u(t) = 28009*t - 364111. What is u(13)?
6
Let i(r) = r**2 - 359*r - 23749. Determine i(-57).
-37
Let c(h) = -h**2 - 5434*h - 2045992. Determine c(-407).
-3
Let z(q) = q**2 - 17629*q - 1594706. Determine z(-90).
4
Let u(v) = 38*v**2 + 916*v - 3224. Determine u(-27).
-254
Let b(a) = 33*a**2 - 136*a - 741. Determine b(-7).
1828
Let w(d) = -d**2 - 573*d - 73493. What is w(-379)?
33
Let s(m) = -m**2 + 808*m - 14213. Calculate s(18).
7
Let x(t) = 8662*t + 51950. Determine x(-6).
-22
Let m(b) = 8944*b + 259212. Give m(-29).
-164
Let i(n) = 23*n**2 - 12709*n + 19805. Calculate i(551).
-31
Let d(p) = 1321*p + 21190. Determine d(-16).
54
Let x(a) = -26*a**2 - 731*a + 7563. What is x(8)?
51
Let v(x) = 6*x**2 - 126*x - 8686. Calculate v(-29).
14
Let x(k) = -338416*k + 3045744. Calculate x(9).
0
Let l(b) = -9*b**2 + 670*b - 93. Determine l(75).
-468
Let i(t) = 3395*t + 30696. Calculate i(-9).
141
Let q(m) = 2*m**3 - 48*m**2 + 15852*m - 504865. Determine q(31).
1
Let k(b) = 691461*b - 6223151. Determine k(9).
-2
Let p(l) = 23*l - 318. Calculate p(13).
-19
Let l(r) = r**2 + 156*r - 2301. What is l(-164)?
-989
Let m(r) = -8*r**2 - 496*r + 3616. Determine m(7).
-248
Let m(d) = -19*d**2 - 127*d - 448. What is m(-9)?
-844
Let p(m) = 625*m**2 + 7493*m - 99. Calculate p(-12).
-15
Let j(f) = f**3 - 203*f**2 + 3330*f + 109. Calculate j(185).
109
Let i(b) = 6*b**2 - 3339*b + 94775. Determine i(30).
5
Let s(l) = -9*l**3 - 178*l**2 - 11*l + 20. Give s(-20).
1040
Let c(y) = y**2 - 4050*y + 703863. Determine c(182).
-113
Let b(j) = -2*j**2 - 212*j - 770. Give b(-58).
4798
Let c(y) = 3*y**2 - 10*y + 84. Determine c(14).
532
Let p(i) = -i**3 + 285*i**2 - 577*i + 3117. Determine p(283).
4
Let b(d) = -1745*d - 212888. Calculate b(-122).
2
Let s(f) = 4460*f - 1935647. Calculate s(434).
-7
Let h(i) = -302228*i + 1511119. Give h(5).
-21
Let f(s) = -4*s**2 + 4340*s + 222263. Determine f(-49).
-1
Let c(h) = -5444*h - 16945. Determine c(-3).
-613
Let c(i) = 96*i**2 - 2266*i + 3395. Calculate c(22).
7
Let c(y) = 862*y - 5675. Determine c(9).
2083
Let x(m) = m**2 - 29*m - 17357. Calculate x(-118).
-11
Let m(h) = -20*h**2 + 4824*h - 912. Determine m(241).
52
Let s(x) = -x**3 + 228*